*s - 60 = -u. List the prime factors of u.
3, 23
Let c(m) be the first derivative of -1/4*m**4 - 7*m + 3*m**3 + 4 - 7/2*m**2. List the prime factors of c(6).
59
Let g(d) = -d + 42. Suppose 75 - 5 = 5*v. Suppose -3*i = 0, 0 = 4*o - 5*o + i + v. What are the prime factors of g(o)?
2, 7
Suppose l + 374 = -337. Let i = l - -1538. List the prime factors of i.
827
Let g be (17/3 - 102/17)*18. List the prime factors of (-22818)/(-42) - g/(-21).
3, 181
Suppose 3*u + 45 = -3*r, 4 + 65 = -4*r - u. Let v = r + 21. Suppose l = v*b + 35 - 12, 5*l - 5*b - 165 = 0. What are the prime factors of l?
2, 19
Let x be 57/(-19)*(0 + 105). Let v = 484 + x. What are the prime factors of v?
13
Suppose -y - 3*y = -k + 138, -k = 5*y - 138. Suppose -l + 129 = -k. Suppose -5*t = -25, 4*r - l = -4*t + t. What are the prime factors of r?
3, 7
Let u(a) = 5*a + 3. Let w be u(-7). Suppose -11*t + 10*t - 2*o - 203 = 0, -o = 5. Let s = w - t. List the prime factors of s.
7, 23
Suppose -10 = -2*w, 0 = 5*x - 0*w + w - 25. Suppose x*j = -0*j + 112. List the prime factors of 247/7 + (-8)/j.
5, 7
Suppose 0*b = -n + 4*b + 10, 4*n + b - 74 = 0. Let p(t) = -t**3 - 13*t**2 - 17*t + 14. Let h be p(-12). Let k = n + h. What are the prime factors of k?
2, 23
Let k(a) = 29*a - 5. Let r(y) = -28*y + 5. Let u(d) = -3*k(d) - 4*r(d). Suppose 0 = 2*h + 8 - 16. What are the prime factors of u(h)?
5, 19
Suppose 379 = 3*q + 4*g - 285, 2*q = g + 450. What are the prime factors of q?
2, 7
Let d = -1126 + 3693. Suppose -k + 1713 = 4*f, f + 5*f - k = d. List the prime factors of f.
2, 107
Let g(t) = 7*t**3 - 13*t**2 - 11*t + 31. Let i be g(6). Let n = i + 36. List the prime factors of n.
5, 11, 19
Suppose -2*a - 3*j + 127 = 0, 243 = 4*a - 2*j - 3*j. Let l = 77 - a. Suppose -2*h = -477 - l. What are the prime factors of h?
2, 3, 41
Let m(v) = 32*v**2 + 356*v - 514. List the prime factors of m(35).
2, 107, 239
Suppose 4*d + 0*d = -16. Let k be -3 + 2 + ((-12)/(-1))/d. Let x(g) = 4*g**2 + 11*g + 6. List the prime factors of x(k).
2, 13
Let a(v) = -5*v**2 + 16*v**2 - 3*v - 3 + 5*v. Let c(q) = -q**2 - 16*q - 11. Let h be c(-15). What are the prime factors of a(h)?
181
Let c = -207 - -215. What are the prime factors of (1*-3)/(-9*c/240)?
2, 5
Let o(s) = 2*s**3 - 5*s**2 + s + 4. Let u be o(3). Suppose u = -0*i + 8*i. Suppose -i*m + 5*b + 9 = -m, -3*m + 47 = -5*b. What are the prime factors of m?
19
What are the prime factors of (-1392)/(-168) + 2*1/(-7) - -8584?
2, 3, 179
Let f = 68267 + -47909. What are the prime factors of f?
2, 3, 13, 29
Let l(g) = -3*g - 123. Let c be l(-42). Suppose 5*z - 2674 = -2*j + z, 2*j - 2646 = c*z. List the prime factors of j.
3, 443
Let j = 44 - -82. Let y = 137 - j. What are the prime factors of y?
11
Suppose q + 3 = -3*g, 9*q - 4*q - 23 = 4*g. Suppose -q*a = -7*a + 4*s + 800, 5*s = a - 192. What are the prime factors of a?
2, 101
Suppose -3*u - 4 = -58. Suppose 10 = -w - 2*i, u = -2*w + 2*i + 4. List the prime factors of 144/20 - w/10.
2
Let j = -30372 + 54308. List the prime factors of j.
2, 11, 17
Suppose -5*k - 3464 = x - 14308, 10851 = x - 2*k. What are the prime factors of x?
19, 571
Suppose -3*b + b = 3*j - 7, -4 = 2*j - 3*b. Let k = 586 - 589. List the prime factors of 892/6 - j/k.
149
List the prime factors of ((-1 - -7637)/(-4))/(40/(-1720)).
23, 43, 83
Let s be ((-6)/(-30))/(5/50). Suppose 4*g = 3*g + s*c + 591, 5*g - c - 2928 = 0. List the prime factors of g.
3, 5, 13
Let o(g) = 8*g**2 - 3. Let v be o(2). Suppose 0 = v*w - 31*w - 4, t = -w + 157. What are the prime factors of t?
3, 53
Suppose 2*i = -8, 2*z = -3*i - i + 4188. Let d = z - 4013. What are the prime factors of (-3)/2 + d/(-14) + 5?
2, 5, 7
What are the prime factors of ((-80)/(-25) + -4)/(14/26045)*-7?
2, 5209
Let d be (-60)/(-40)*524/6. Let z = d + -56. What are the prime factors of z?
3, 5
Let c(o) = -664*o - 20. Let x be c(-4). Suppose 23*a - x = 19*a. What are the prime factors of a?
659
Suppose -4*o + 288 + 12 = 0. Let b = 106 - 104. Suppose h - o = -b*m, -5*h - m + 351 = m. What are the prime factors of h?
3, 23
Let r(k) = 3*k - 5. Let v be r(4). Let b(f) = 35*f - 4. Let p be b(v). Let s = p + -7. List the prime factors of s.
2, 3, 13
Suppose 28967538 = 414*p + 39*p. List the prime factors of p.
2, 31973
Let h = 4302 - 963. List the prime factors of h.
3, 7, 53
Suppose 0 = -0*m + 5*m + 5*m. Suppose 2*g + g + 6 = m, -5*f + g = -27. Suppose j - 2*j = -b - 156, b - 768 = -f*j. What are the prime factors of j?
2, 7, 11
Let k(r) = 211*r**3 + 2*r**2 - 2*r - 6. What are the prime factors of k(3)?
3, 1901
Let m = -365 - -384. Suppose 0 = m*b - 11970 - 836. List the prime factors of b.
2, 337
Suppose 0 = -19*k + 20*k - 30. Let i = k + -52. List the prime factors of (11/i)/(1/(-118)).
59
Suppose -2*d + 3*q = -11, 7*q = 4*d + 2*q - 25. Suppose -4*g - d = 2*s, 0*s - 3*g = -5*s + 27. List the prime factors of -5 - (60/(-4) - s).
13
What are the prime factors of (5/3*-9 + 12)*2403/(-1)?
3, 89
Let r = 22420 - 13909. List the prime factors of r.
3, 2837
Suppose -76057 = -94*n + 75*n. List the prime factors of n.
4003
Suppose 0 = 2*k + 8, -3*h = -2*k - 3*k - 5432. Suppose d - 12*d = -h. List the prime factors of d.
2, 41
Suppose -17 = w + 5*b, -20*b = -17*b + 3. List the prime factors of (-4532)/(-12) - (-20)/w.
2, 47
Suppose -4*b + 40 = -4*s, -s - 22 = -4*b + 24. List the prime factors of (-3 - -642)*8/b.
2, 3, 71
Let d(n) = 11576*n**2 + 1560*n - 3120. What are the prime factors of d(2)?
2, 1447
Let w = 1023 - 1022. List the prime factors of w + -3 - 1/(1/(-500)).
2, 3, 83
Let s = -480 + 894. Let p = s + -148. List the prime factors of p.
2, 7, 19
Let j(m) = -419*m**2 - 22*m + 63. Let t be j(3). What are the prime factors of t/(-4) - (-4 - (-77)/22)?
2, 59
Suppose 2*c - 119 + 59 = 0. Suppose -23*a = -c*a + 1813. List the prime factors of a.
7, 37
Suppose 5*w = -w + 36. Suppose w*h + 0*h = 24. Suppose -4*i = y - 247, -h*y - 208 = -5*i + 106. What are the prime factors of i?
2, 31
Let t(i) be the first derivative of 7*i**3/2 - 25*i**2/2 - i - 22. Let y(h) be the first derivative of t(h). List the prime factors of y(5).
2, 5
Let o(y) = 2*y - 29. Let u be o(17). Suppose -1346 = u*w - 7221. What are the prime factors of w?
5, 47
Suppose 0 = 4*q + 3 + 9, d + 5*q = 3429. What are the prime factors of d?
2, 3, 7, 41
Let r(a) be the second derivative of 1/2*a**2 - 2/3*a**3 + 0 - 2*a. What are the prime factors of r(-14)?
3, 19
Suppose -223092 = -151*m + 31041. List the prime factors of m.
3, 11, 17
Suppose 8*h + 3 = -29. Let q be (-4 - h)*(-1)/(-4). Suppose q = 2*m - 77 - 87. What are the prime factors of m?
2, 41
Let t be 10/(-65) + 84/39. Suppose -680 = -t*l - 2*l. List the prime factors of (9/2 - 4)*l.
5, 17
Suppose -5*j + 41 = 4*r, 0 = -17*r + 18*r + 2*j - 14. Suppose 5*m + 10 = 0, 4*n - r*m - 77 - 91 = 0. List the prime factors of n.
2, 5
Suppose 173*a = 173*a + 3*d, 3*a - 1020 = -2*d. List the prime factors of a.
2, 5, 17
Let i(q) = -q + 2. Let l(b) = -297*b - 41. Let m(s) = 4*i(s) + l(s). What are the prime factors of m(-4)?
1171
What are the prime factors of (12328/10)/(-3 - -5) + 16/(-40)?
2, 7, 11
Suppose 112*s = -54*s + 664574 + 971356. What are the prime factors of s?
3, 5, 73
Suppose u - 5*u = -16. Let x be 1871/22 + (-42)/924. Suppose -199 = -u*h + x. List the prime factors of h.
71
Let l = 87 + -98. Let s be (-4)/2 - (l + 7). Suppose 0*m = s*m - 3*g - 233, -600 = -5*m + 4*g. What are the prime factors of m?
2, 31
What are the prime factors of (-16)/(-60) - (-11598)/45?
2, 3, 43
Suppose -29 = 2*c - 3*i - 18, 3*c + 16 = 5*i. Let a(d) = -63*d + 159. What are the prime factors of a(c)?
2, 3, 5
Let b(w) be the first derivative of w**3 + w**2 + 2*w - 39. Let p be b(-2). Suppose -p*i + 13*i = 414. List the prime factors of i.
2, 3, 23
Suppose -19*m + 37*m = 7290. Suppose 1595 = 8*p - m. What are the prime factors of p?
2, 5
Let d(x) = x**2 - 64. Suppose 0 = -3*o - 4*h - 16, 6*o + 4*h = o - 16. Let z be d(o). What are the prime factors of z/(-48)*258/4?
2, 43
Let i be 4008/(-40) - 1/(-5). Let j = 136 + i. List the prime factors of j.
2, 3
Let d = 5946 + -155. List the prime factors of d.
5791
Let i(g) = 13*g + 91. Let h be i(-7). Suppose -4*a + 20 = y, 10*a - 7*a + 3 = h. List the prime factors of y.
2, 3
Suppos